.
11
Let w(o) = 24*o - 307. Calculate w(13).
5
Let y(j) = 7*j - 30. Determine y(6).
12
Let y(z) = -7*z**2 - 12*z + 7. Calculate y(-6).
-173
Let s(x) = -x**3 + x**2 - 2*x + 3. What is s(2)?
-5
Let x(d) = 4*d**2 - 7*d + 4. Give x(2).
6
Let c(k) = 2*k + 10. Determine c(10).
30
Let d(p) = p**2 - 18*p - 311. What is d(29)?
8
Let b(p) = 2*p**3 + 2*p**2 - 3*p - 3. What is b(-2)?
-5
Let y(u) = u**2 - u - 23. Determine y(5).
-3
Let f(c) = c**2 - 15*c + 18. Determine f(12).
-18
Let j(x) = -x**2 - x. Calculate j(0).
0
Let y(v) = -v - 5. What is y(0)?
-5
Let t(g) = -g**3 + 19*g**2 - 19*g + 23. Determine t(18).
5
Let v(f) = f**3 - 23*f**2 + 23*f - 10. Calculate v(22).
12
Let m(t) = -35*t**3 + 4*t**2 + 2*t. Give m(-1).
37
Let l(u) = -5*u**2 + 5*u + 2. What is l(4)?
-58
Let c(u) = u**2 + u - 7. Give c(3).
5
Let t(d) = d**3 + 49*d**2 - 52*d - 107. Give t(-50).
-7
Let b(w) = -3*w - 11. Calculate b(-10).
19
Let c(l) = -l**3 - 10*l**2 + l + 23. Determine c(-10).
13
Let z(u) = 14*u + 67. Calculate z(-6).
-17
Let l(j) = j**2 - 23*j - 6. What is l(17)?
-108
Let c(x) = -2*x + 50. What is c(24)?
2
Let r(c) = -c**3 + 8*c**2 - 8*c + 7. Give r(8).
-57
Let o(k) = -k + 16. What is o(-3)?
19
Let u(c) = -2*c + 22. Calculate u(10).
2
Let u(c) = -8*c. Determine u(5).
-40
Let j(m) = -2*m + 21. What is j(8)?
5
Let g(m) = 2*m**2 + 24*m + 25. Calculate g(-11).
3
Let z(y) = -y**2 - 12*y + 4. Calculate z(-12).
4
Let l(y) = y**3 + 8*y**2 + 3*y + 12. What is l(-8)?
-12
Let n(u) = -u**3 + 7*u**2 + 12*u - 23. Calculate n(8).
9
Let m(b) = -19*b. Calculate m(3).
-57
Let y(f) = -f**2 - 12*f + 20. Determine y(-14).
-8
Let i(z) = -z**3 + 5*z**2 - z + 33. Calculate i(6).
-9
Let y(m) = -m**3 + 8*m**2 - m. Give y(8).
-8
Let k(w) = -2*w**3 - 53*w**2 + 29*w + 56. Give k(-27).
2
Let j(i) = i**3 + 24*i**2 + 7*i + 172. Calculate j(-24).
4
Let i(o) = 2*o**2 + 6*o + 7. What is i(-7)?
63
Let s(z) = 4*z. What is s(4)?
16
Let f(w) = w**2 + 5*w + 6. Determine f(-5).
6
Let y(o) = 15*o + 8. Calculate y(6).
98
Let r(f) = f**2 + 20*f + 24. Give r(-19).
5
Let k(u) = -u**3 - 3*u**2 - u - 1. Calculate k(-4).
19
Let c(t) = 5*t - 1. Determine c(-5).
-26
Let w(x) = x**2 + 21*x - 1. Give w(-21).
-1
Let u(p) = 10*p + 50. Determine u(-5).
0
Let j(u) = -u**2 - 1. What is j(-2)?
-5
Let g(z) = -z**2 + 25*z + 25. Calculate g(27).
-29
Let x(w) = -2*w + 12. Calculate x(-5).
22
Let d(n) = -n**2 + 14*n - 15. Calculate d(12).
9
Let h(p) = -9*p**3 - 7*p**2 + p + 2. Give h(-1).
3
Let a(w) = -8*w - 250. Determine a(-31).
-2
Let n(u) = 4*u**3 + 4*u**2 + 11*u + 16. Determine n(-2).
-22
Let i(b) = -b**3 + b**2 - 1. Determine i(2).
-5
Let c(y) = -y**3 - 12*y**2 + 26*y + 23. Give c(-14).
51
Let k(q) = -6*q + 24. Determine k(5).
-6
Let o(g) = 8*g - 2. What is o(-1)?
-10
Let q(a) = -a**2 + 8*a + 16. Determine q(-5).
-49
Let k(n) = n**2 - n - 7. What is k(-3)?
5
Let i(q) = -q**2 + q + 2. What is i(-7)?
-54
Let l(r) = -r**3 + 3*r**2 + 6*r + 7. Give l(-3).
43
Let r(f) = 4*f**2. What is r(2)?
16
Let p(k) = -3*k**2 - 3*k + 7. What is p(-4)?
-29
Let i(g) = -g**2 - 9*g + 3. What is i(-11)?
-19
Let p(c) = 4*c - 1. Determine p(-7).
-29
Let l(h) = -h**3 - 10*h**2 + 11*h. Calculate l(-11).
0
Let p(c) = 2*c**2 - 21*c - 23. What is p(13)?
42
Let s(m) = m**3 - 10*m**2 - 34*m - 62. Give s(13).
3
Let r(v) = v**2 + v - 1. Give r(-3).
5
Let h(d) = d**3 - d**2 - 4*d - 3. What is h(-3)?
-27
Let d(u) = u. What is d(1)?
1
Let p(t) = t - 2. Determine p(-8).
-10
Let l(q) = -13*q**3 + q**2 - 3*q + 1. Determine l(1).
-14
Let o(p) = p**3 - 3*p**2 - p - 5. What is o(2)?
-11
Let g(x) = -13*x + 17. What is g(2)?
-9
Let x(r) = r**2 + r + 2. Give x(-3).
8
Let a(y) = -y**2 + 15*y - 21. Determine a(13).
5
Let u(k) = -k**2 + 3*k + 12. Give u(-5).
-28
Let p(f) = -30*f + 7. Give p(2).
-53
Let s(f) = 3*f - 33. What is s(12)?
3
Let r(j) = j**3 - 4*j**2 - 4*j - 7. Determine r(5).
-2
Let o(u) = -2*u**3 - 3*u**2 + 4*u - 3. Determine o(3).
-72
Let d(i) = -i**2 - 5*i + 7. Give d(-5).
7
Let f(u) = 2*u**2 + 15*u - 1. Give f(-7).
-8
Let m(g) = -5*g + 19. Calculate m(-9).
64
Let w(z) = z**2 - z + 2. Calculate w(-2).
8
Let r(p) = -p**2 + 4*p - 12. What is r(4)?
-12
Let o(f) = -f**3 - 7*f**2 - f - 7. Give o(-5).
-52
Let c(b) = 10*b - 146. Determine c(15).
4
Let l(b) = 5*b - 29. What is l(-12)?
-89
Let l(x) = 33*x**3 + 2*x**2 - 7*x + 5. What is l(1)?
33
Let d(v) = v - 30. Calculate d(0).
-30
Let g(h) = 8*h + 15. Determine g(-8).
-49
Let o(g) = g**3 - 8*g**2 - 21*g + 4. Calculate o(10).
-6
Let w(z) = 11*z + 41. Calculate w(-5).
-14
Let w(y) = -y**3 + 8*y**2 - 11*y - 6. Calculate w(6).
0
Let x(y) = y**3 - 4*y**2 - 6. Calculate x(4).
-6
Let v(u) = -10*u**2 - 8*u - 11. Give v(-2).
-35
Let k(h) = -2*h**3 + 6*h**2 + 6*h + 3. Determine k(4).
-5
Let l(h) = 3*h - 5. Determine l(7).
16
Let z(h) = h**3 - 9*h**2 + 7*h + 3. Give z(8).
-5
Let n(g) = -g**3 - 6*g**2 + 10*g + 5. Determine n(-8).
53
Let o(p) = -p + 8. Give o(12).
-4
Let g(a) = -a**2 - 19*a - 57. Calculate g(-19).
-57
Let h(u) = -6*u**2 - 53*u + 13. Calculate h(-9).
4
Let m(f) = -5*f + 42. Give m(10).
-8
Let i(m) = m**2 + 34*m + 204. Calculate i(-26).
-4
Let x(b) = -b**3 + 7*b**2 + 11*b - 18. Calculate x(8).
6
Let i(t) = 22*t**2 + t. Calculate i(2).
90
Let w(j) = -13*j - 31. Calculate w(-8).
73
Let m(r) = r**2 - 38*r + 288. Give m(11).
-9
Let x(o) = -o**3 - 11*o**2 + 11*o - 10. What is x(-12)?
2
Let p(b) = b**2 - 2*b - 6. Calculate p(5).
9
Let t(z) = -2*z**2 + 17*z - 12. Calculate t(8).
-4
Let n(v) = v**3 - 8*v**2 - 10*v - 9. Determine n(9).
-18
Let v(f) = -f**3 + 3*f**2 + 6*f - 1. Determine v(-2).
7
Let v(x) = -27*x + 35. What is v(-5)?
170
Let i(z) = -12*z**3 - z**2 + z + 1. Determine i(-1).
11
Let l(h) = 6*h - 31. Give l(6).
5
Let s(r) = -3*r**2 - 4*r + 9. Calculate s(-6).
-75
Let l(m) = 7*m - 47. Give l(21).
100
Let j(d) = 2*d**2 - 55. Give j(0).
-55
Let g(p) = -149*p - 1201. Determine g(-8).
-9
Let a(s) = -s**2 + 4*s + 6. What is a(6)?
-6
Let h(x) = -x**2 - 11*x - 23. Give h(-5).
7
Let i(c) = c**3 - 8*c**2 - 9*c - 3. What is i(9)?
-3
Let m(u) = 34*u + 336. Determine m(-10).
-4
Let o(h) = 5*h - 1. Determine o(6).
29
Let t(i) = 5*i - 6. Give t(9).
39
Let k(m) = -9*m + 2. What is k(-3)?
29
Let c(h) = -5*h + 3. Determine c(2).
-7
Let a(v) = -v**2 - v - 3. What is a(9)?
-93
Let f(c) = 13*c**2 + 55*c + 1. Determine f(-4).
-11
Let r(d) = 4*d**2 - 14*d + 4. Calculate r(3).
-2
Let v(t) = t**3 - 20*t**2 + 14*t + 39. Give v(19).
-56
Let n(i) = i + 13. Give n(2).
15
Let h(d) = -d**3 + 2*d**2 + 82*d - 18. Calculate h(10).
2
Let m(g) = -g**3 - 6*g**2 - 2*g + 1. Determine m(-5).
-14
Let b(v) = -v**3 + 4*v**2 + 2*v + 11. Give b(5).
-4
Let b(x) = x**3 + 8*x**2 + 8*x + 5. What is b(-7)?
-2
Let x(u) = u**3 - 4*u**2 - 3*u + 2. Give x(4).
-10
Let c(y) = y**2 - 3*y + 9. What is c(3)?
9
Let f(o) = -o**3 + 5*o**2 - 9*o + 13. What is f(4)?
-7
Let w(x) = x**2 + 6*x + 1. Determine w(-4).
-7
Let j(q) = -q**2 - 17*q - 48. Calculate j(-14).
-6
Let d(y) = 29*y + 26. Give d(-2).
-32
Let o(z) = -z**2 - 2*z + 16. Give o(-6).
-8
Let o(y) = 2*y**2 - 47*y + 2. Give o(22).
-64
Let y(r) = -10*r + 14. Determine y(6).
-46
Let a(c) = -20*c - 235. Calculate a(-12).
5
Let y(g) = 2*g - 4. Calculate y(5).
6
Let v(z) = z**2 + 6*z - 1. What is v(-8)?
15
Let d(z) = -2*z**3 + 9*z**2 + 4*z + 10. Give d(5).
5
Let m(k) = k**3 - 3*k**2 - 4*k - 3. What is m(4)?
-3
Let b(j) = 4*j + 5. Calculate b(-3).
-7
Let t(x) = -x**2 + 10*x + 6. Calculate t(9).
15
Let o(n) = 4*n**3 + 24*n**2 + 32*n + 4. Give o(-4).
4
Let x(i) = -4*i**2 - 4*i + 8. Calculate x(2).
-16
Let d(y) = -2*y - 9. Calculate d(-6).
3
Let n(d) = -d**3 + 6*d**2 + 9*d + 8. Determine n(8).
-48
Let j(c) = -c**2 + 2*c + 35. Determine j(-6).
-13
Let d(f) = -f**2 - 9*f - 3. What is d(-8)?
5
Let b(u) = -u**3 + 9*u**2 - 6*u - 17. Calculate b(8).
-1
Let p(v) = 6*v**3 + v. Give p(1).
7
Let m(b) = -b**2 + 20*b + 52. What is m(22)?
8
Let o(t) = t**2 - 229. What is o(15)?
-4
Let j(v) = 6*v + 6. Give j(2).
18
Let q(j) = -7*j - 106. Calculate q(-31).
111
Let y(l) = -l**2 - 10*l + 14. What is y(-11)?
3
Let g(h) = -4*h**3 + 2*h**2 - 1. What is g(2)?
-25
Let u(y) = -5*y - 29. What is u(-7)?
6
Let d(l) = l**2 - 25*l + 157. Calculate d(14).
3
Let n(x) = 12*x**3 + x**2 + 2*x + 1. Calculate n(-1).
-12
Let v(n) = -3*n - 9. Determine v(-8).
15
Let j